{"id":16115,"date":"2023-01-25T10:06:57","date_gmt":"2023-01-25T09:06:57","guid":{"rendered":"https:\/\/www.muchoneumatico.com\/blog\/?page_id=16115"},"modified":"2024-12-02T10:39:44","modified_gmt":"2024-12-02T09:39:44","slug":"neumaticos-luckyland","status":"publish","type":"page","link":"https:\/\/www.muchoneumatico.com\/blog\/fabricantes\/neumaticos-luckyland\/","title":{"rendered":"Neum\u00e1ticos Luckyland"},"content":{"rendered":"<p><a href=\"https:\/\/www.muchoneumatico.com\/marcas\/luckyland\">Neum\u00e1ticos Luckyland<\/a> es una marca de\u00a0<strong>neum\u00e1ticos low cost<\/strong>\u00a0de origen chino que tiene, como objetivo, ofrecer al mercado internacional cubiertas baratas para varios segmentos.<\/p>\n<p>En los \u00faltimos a\u00f1os en Espa\u00f1a se han popularizado dos modelos de este fabricante, que permiten un considerable ahorro en cuanto a neum\u00e1ticos para\u00a0<strong>coches turismo y sed\u00e1n<\/strong> para automovilistas que recorren pocos kil\u00f3metros durante el a\u00f1o.<\/p>\n<h2>Historia de los Neum\u00e1ticos Luckyland<\/h2>\n<p>Luckyland es una de las\u00a0<strong>marcas de neum\u00e1ticos favoritas<\/strong>\u00a0de los clientes de\u00a0<em>Muchoneumatico.com\u00a0<\/em>dentro de la categor\u00eda de\u00a0<span style=\"text-decoration: underline;\"><a href=\"https:\/\/www.muchoneumatico.com\/grupos\/marcas\/budget\">neum\u00e1ticos econ\u00f3micos<\/a><\/span>. Se trata de un\u00a0<strong>neum\u00e1tico de calidad media<\/strong>\u00a0fabricado en China a partir de 2014. Asimismo, se trata de una marca que comparte procesos de fabricaci\u00f3n con la marca\u00a0<strong>Sino Tyre Group<\/strong>, nombre que emplean para el mercado asi\u00e1tico. Luckyland es uno de los\u00a0<strong>fabricantes de neum\u00e1ticos con mayor experiencia en China<\/strong>. Su buen hacer unido a una tecnolog\u00eda avanzada y a unos\u00a0<strong>controles de calidad estrictos<\/strong> en cada paso de fabricaci\u00f3n hacen de Luckyland una apuesta de enorme \u00e9xito fuera de las fronteras de China.<\/p>\n<h3>\u00bfLos neum\u00e1ticos Luckyland son buenos?<\/h3>\n<p>Desarrollado para un uso vers\u00e1til con las mejores caracter\u00edsticas de conducci\u00f3n, los est\u00e1ndares de la calidad se hacen visibles en cada detalle del neum\u00e1tico. Los\u00a0<strong>neum\u00e1ticos Luckyland<\/strong> cumplen todos los requisitos y est\u00e1ndares de los mercados europeos y ofrece una relaci\u00f3n precio-rendimiento imbatible al mismo tiempo.<\/p>\n<p><img decoding=\"async\" class=\"aligncenter size-full wp-image-16120 lazyload\" data-src=\"https:\/\/www.muchoneumatico.com\/blog\/wp-content\/uploads\/2023\/01\/auto-mechanic-1.jpg\" alt=\"Neum\u00e1ticos Luckyland\" width=\"2000\" height=\"1333\" src=\"data:image\/svg+xml;base64,PHN2ZyB3aWR0aD0iMSIgaGVpZ2h0PSIxIiB4bWxucz0iaHR0cDovL3d3dy53My5vcmcvMjAwMC9zdmciPjwvc3ZnPg==\" style=\"--smush-placeholder-width: 2000px; --smush-placeholder-aspect-ratio: 2000\/1333;\" \/><\/p>\n<h2>Caracter\u00edsticas y precios de los Neum\u00e1ticos Luckyland<\/h2>\n<p>Los<strong>\u00a0neum\u00e1ticos Luckyland<\/strong>\u00a0simplemente\u00a0<strong>valen lo que cuestan<\/strong>. No estamos hablando ni de una marca premium ni de un fabricante intermedio. Se trata de productos pensados con el \u00fanico objetivo de valer poco y brindar al autom\u00f3vil un rendimiento en l\u00ednea con las normas internacionales, en cuanto a durabilidad y agarre. El proceso de desarrollo, dise\u00f1o y producci\u00f3n se lleva a cabo\u00a0<strong>completamente en China<\/strong>, as\u00ed que seguramente sean una buena opci\u00f3n para los que necesitan <span style=\"text-decoration: underline;\"><a href=\"https:\/\/www.muchoneumatico.com\/blog\/neumaticos\/neumaticos-chinos\/\">ahorrar dinero<\/a><\/span>.<\/p>\n<h3>Precios de los neum\u00e1ticos Luckyland<\/h3>\n<p>Podr\u00e1s reemplazar todas las ruedas de tu coche <strong>sin problemas<\/strong>, si te has decidido a comprar unos neum\u00e1ticos Luckyland. Esta marca es<strong>\u00a0una de las m\u00e1s baratas<\/strong>\u00a0y, como podr\u00e1s ver en la tienda online de\u00a0<em>MuchoNeumatico.com<\/em>, los podras encontrar\u00a0<strong>desde los 28 hasta los 50 euros<\/strong>\u00a0para neum\u00e1ticos completamente nuevos. La mejor alternativa a las peligrosas cubiertas de segunda mano, sin dudas. Recuerda siempre que el\u00a0<strong>env\u00edo est\u00e1 incluido en el precio<\/strong> y que, seg\u00fan el modelo, puedes tener una garant\u00eda de hasta 2 a\u00f1os.<\/p>\n<h2>Opiniones de neum\u00e1ticos Luckyland<\/h2>\n<p>El elemento clave, en la decisi\u00f3n de comprar y montar unos Luckyland, seguramente es el precio. Hay modelos que permiten circular sin problemas, <strong>con buenos niveles de consumo y ruido<\/strong>, sin embargo, hay siempre que tener presente que\u00a0<strong>se trata de neum\u00e1ticos low cost<\/strong>. Los automovilistas espa\u00f1oles destacan, en particular,\u00a0<strong>los buenos niveles de agarre en seco y en curva<\/strong>, mientras que la durabilidad (como a menudo pasa con las marcas baratas) no siempre es aceptable. Lo dicho: los Luckyland son perfectos para ahorrar y\u00a0<strong>si usas poco el coche<\/strong>.<\/p>\n<h3>Neum\u00e1ticos Luckyland, siempre las mejores ofertas<\/h3>\n<p>Elegir unos <strong>neum\u00e1ticos Luckyland<\/strong>\u00a0para tu coche\u00a0<strong>turismo, SUV, 4&#215;4, furgoneta, camioneta o deportivo<\/strong>\u00a0es seguramente una buena elecci\u00f3n. Estamos hablando de productos low cost, que te permitir\u00e1n volver a la carretera sin gastarte una fortuna, con prestaciones aceptables en cuanto a\u00a0<strong>estabilidad, comodidad y velocidad<\/strong>.<\/p>\n<p>Si quieres ahorrarte imprevistos y contar con <strong>una compra r\u00e1pida y segura<\/strong>, entra ahora mismo en la tienda online de\u00a0<em>MuchoNeumatico.com<\/em>\u00a0y ll\u00e9vate los Luckyland perfectos para tu coche a un precio inmejorable. Cada d\u00eda, trabajamos para ofrecerte descuentos y ofertas, con el objetivo que puedas reemplazar tus neum\u00e1ticos y volver a la carretera\u00a0<strong>ahorrando tiempo y dinero<\/strong>.<\/p>\n<p><img decoding=\"async\" class=\"aligncenter size-full wp-image-16121 lazyload\" data-src=\"https:\/\/www.muchoneumatico.com\/blog\/wp-content\/uploads\/2023\/01\/smiling-truck-driver-checking-vehicle-tires-before-the-ride-.jpg\" alt=\"Neum\u00e1ticos Luckyland\" width=\"2000\" height=\"1333\" src=\"data:image\/svg+xml;base64,PHN2ZyB3aWR0aD0iMSIgaGVpZ2h0PSIxIiB4bWxucz0iaHR0cDovL3d3dy53My5vcmcvMjAwMC9zdmciPjwvc3ZnPg==\" style=\"--smush-placeholder-width: 2000px; --smush-placeholder-aspect-ratio: 2000\/1333;\" \/><\/p>\n<h2>Modelos de neum\u00e1ticos Luckyland<\/h2>\n<p>En el mercado espa\u00f1ol, hay\u00a0<strong>cuatro modelos de neum\u00e1ticos Luckyland<\/strong>\u00a0que est\u00e1n teniendo bastante \u00e9xito (tambi\u00e9n porque algunos modelos tienen la sigla M+S). Vamos a ver, en detalle, las caracter\u00edsticas de estas cubiertas para coches turismo y sed\u00e1n\u00a0<strong>low cost<\/strong>:<\/p>\n<ul>\n<li class=\"seo_txt_4\"><strong>Luckyland LCG01: <\/strong>cubiertas\u00a0<em>All Season<\/em>\u00a0o 4 estaciones con agarre alto en seco y en mojado, perfectos para circular sin miedo al temido\u00a0<em>aquaplaning<\/em>\u00a0y bastante silenciosos.<\/li>\n<li class=\"seo_txt_4\"><strong>Luckyland HG01: <\/strong>el Luckyland Happy Gallop es el m\u00e1s vendido, una alternativa para coches turismo m\u00e1s pesados y sed\u00e1n. Tiene buen agarre y reducen el consumo de combustible en ciudad.<\/li>\n<li class=\"seo_txt_4\"><strong>Luckyland SG01:\u00a0<\/strong>ideales para veh\u00edculos deportivos y de gran cilindrada, favorecen el manejo en curva y a grandes velocidades. Tienen c\u00f3digo de velocidad W y ofrecen una durabilidad m\u00e1s que aceptable.<\/li>\n<li class=\"seo_txt_4\"><strong>Luckyland HTG01: <\/strong>son los m\u00e1s robustos de la marca asi\u00e1tica y te servir\u00e1n si tienes un coche SUV y todoterreno. Podr\u00e1s conducir sobre todo tipo de superficies y en todo tipo de condiciones climatol\u00f3gicas.<\/li>\n<\/ul>\n<h2>Medidas de los Neum\u00e1ticos Luckyland<\/h2>\n<p>Si est\u00e1s buscando unos neum\u00e1ticos Luckyland nuevos para tu coche, la primera cosa que tendr\u00e1s que hacer, es <strong>comprobar la medida<\/strong>\u00a0adecuada para el veh\u00edculo que conducir\u00e1s. Para poderlo hacer, simplemente\u00a0<strong>verifica las informaciones de tu libreta de inspecci\u00f3n t\u00e9cnica<\/strong>. A continuaci\u00f3n, te dejamos las que son las\u00a0<strong>medidas m\u00e1s populares\u00a0<\/strong>y vendidas de esta importante fabricante de neum\u00e1ticos premium. Recuerda que siempre podr\u00e1s comprar y montar unos Luckyland\u00a0<strong>equivalentes<\/strong>, siempre y cuando la nueva medida respete el margen del 3% previsto por la ley.<\/p>\n<div class=\"seo_txt_5\">\n<table class=\"table table-bordered\">\n<tbody>\n<tr>\n<td style=\"text-align: center;\">Ancho 175\/195 mm<\/td>\n<td style=\"text-align: center;\">Ancho 205 mm<\/td>\n<td style=\"text-align: center;\">Ancho 215 mm<\/td>\n<td style=\"text-align: center;\">Ancho 225 mm<\/td>\n<\/tr>\n<tr>\n<td style=\"text-align: center;\"><span style=\"text-decoration: underline;\"><a href=\"https:\/\/www.muchoneumatico.com\/comprar-neumaticos\/neumaticos-175-70-r13\" target=\"_blank\" rel=\"noopener\">175\/70 R13<\/a><\/span><\/p>\n<p><a href=\"https:\/\/www.muchoneumatico.com\/comprar-neumaticos\/neumaticos-195-55-r15\" target=\"_blank\" rel=\"noopener\"><span style=\"text-decoration: underline;\">195\/55 R15<\/span><\/a><\/td>\n<td style=\"text-align: center;\"><span style=\"text-decoration: underline;\"><a href=\"https:\/\/www.muchoneumatico.com\/comprar-neumaticos\/neumaticos-205-55-r16\" target=\"_blank\" rel=\"noopener\">205\/55 R16<\/a><\/span><\/td>\n<td style=\"text-align: center;\"><span style=\"text-decoration: underline;\"><a href=\"https:\/\/www.muchoneumatico.com\/comprar-neumaticos\/neumaticos-215-55-r17\" target=\"_blank\" rel=\"noopener\">215\/55 R17<\/a><\/span><\/td>\n<td style=\"text-align: center;\"><span style=\"text-decoration: underline;\"><a href=\"https:\/\/www.muchoneumatico.com\/comprar-neumaticos\/neumaticos-225-40-r18\" target=\"_blank\" rel=\"noopener\">225\/40 R18<\/a><\/span><\/td>\n<\/tr>\n<\/tbody>\n<\/table>\n<p><img decoding=\"async\" class=\"aligncenter size-full wp-image-16122 lazyload\" data-src=\"https:\/\/www.muchoneumatico.com\/blog\/wp-content\/uploads\/2023\/01\/variety-of-tyres-at-busy-warehouse-1.jpg\" alt=\"Neum\u00e1ticos Luckyland\" width=\"2000\" height=\"1333\" src=\"data:image\/svg+xml;base64,PHN2ZyB3aWR0aD0iMSIgaGVpZ2h0PSIxIiB4bWxucz0iaHR0cDovL3d3dy53My5vcmcvMjAwMC9zdmciPjwvc3ZnPg==\" style=\"--smush-placeholder-width: 2000px; --smush-placeholder-aspect-ratio: 2000\/1333;\" \/><\/p>\n<\/div>\n","protected":false},"excerpt":{"rendered":"<p>Neum\u00e1ticos Luckyland es una marca de\u00a0neum\u00e1ticos low cost\u00a0de origen chino que tiene, como objetivo, ofrecer al mercado internacional cubiertas baratas para varios segmentos. En los \u00faltimos a\u00f1os en Espa\u00f1a se han popularizado dos modelos de este fabricante, que permiten un considerable ahorro en cuanto a neum\u00e1ticos para\u00a0coches turismo y sed\u00e1n para automovilistas que recorren pocos [&hellip;]<\/p>\n","protected":false},"author":6,"featured_media":16118,"parent":15852,"menu_order":0,"comment_status":"closed","ping_status":"closed","template":"","meta":{"footnotes":""},"class_list":["post-16115","page","type-page","status-publish","has-post-thumbnail","hentry"],"_links":{"self":[{"href":"https:\/\/www.muchoneumatico.com\/blog\/wp-json\/wp\/v2\/pages\/16115","targetHints":{"allow":["GET"]}}],"collection":[{"href":"https:\/\/www.muchoneumatico.com\/blog\/wp-json\/wp\/v2\/pages"}],"about":[{"href":"https:\/\/www.muchoneumatico.com\/blog\/wp-json\/wp\/v2\/types\/page"}],"author":[{"embeddable":true,"href":"https:\/\/www.muchoneumatico.com\/blog\/wp-json\/wp\/v2\/users\/6"}],"replies":[{"embeddable":true,"href":"https:\/\/www.muchoneumatico.com\/blog\/wp-json\/wp\/v2\/comments?post=16115"}],"version-history":[{"count":0,"href":"https:\/\/www.muchoneumatico.com\/blog\/wp-json\/wp\/v2\/pages\/16115\/revisions"}],"up":[{"embeddable":true,"href":"https:\/\/www.muchoneumatico.com\/blog\/wp-json\/wp\/v2\/pages\/15852"}],"wp:featuredmedia":[{"embeddable":true,"href":"https:\/\/www.muchoneumatico.com\/blog\/wp-json\/wp\/v2\/media\/16118"}],"wp:attachment":[{"href":"https:\/\/www.muchoneumatico.com\/blog\/wp-json\/wp\/v2\/media?parent=16115"}],"curies":[{"name":"wp","href":"https:\/\/api.w.org\/{rel}","templated":true}]}}