{"id":16097,"date":"2023-01-25T09:44:33","date_gmt":"2023-01-25T08:44:33","guid":{"rendered":"https:\/\/www.muchoneumatico.com\/blog\/?page_id=16097"},"modified":"2024-12-02T10:23:36","modified_gmt":"2024-12-02T09:23:36","slug":"neumaticos-achilles","status":"publish","type":"page","link":"https:\/\/www.muchoneumatico.com\/blog\/fabricantes\/neumaticos-achilles\/","title":{"rendered":"Neum\u00e1ticos Achilles"},"content":{"rendered":"<p>La empresa de <a href=\"https:\/\/www.muchoneumatico.com\/marcas\/achilles\">neum\u00e1ticos\u00a0Achilles<\/a> Radial es una marca indonesia MASA\u00a0fundada en <strong>1988<\/strong> en East Cikarang. Pocos saben que Indonesia es el mayor productor mundial de <span style=\"text-decoration: underline;\"><a href=\"https:\/\/www.muchoneumatico.com\/blog\/consejos\/sustancia-extraida-arbol-neumaticos\/\">caucho<\/a><\/span>, el componente principal de los neum\u00e1ticos.<\/p>\n<h2>Neum\u00e1ticos Achilles: historia y modelos<\/h2>\n<p>MASA ha colaborado a lo largo de los a\u00f1os con el fabricante premium italiano <span style=\"text-decoration: underline;\"><a href=\"https:\/\/www.muchoneumatico.com\/marcas\/pirelli\">Pirelli<\/a><\/span> (1991 ~ 1994) y posteriormente con los alemanes de <span style=\"text-decoration: underline;\"><a href=\"https:\/\/www.muchoneumatico.com\/marcas\/continental\">Continental<\/a><\/span> (1994 ~ 2000), hecho que permiti\u00f3 a toda la producci\u00f3n de los neum\u00e1ticos Achilles <strong>acceder a tecnolog\u00edas avanzadas y mejorar r\u00e1pidamente la calidad de las ruedas producidas en su f\u00e1brica<\/strong>.<\/p>\n<p>Se tratas de <strong>un fabricante ambicioso<\/strong> que ha introducido a lo largo de los a\u00f1os las marcas de neum\u00e1ticos Achilles, CORSA y Strada, <strong>logrando conquistar importantes cuotas de mercado<\/strong> gracias a productos fiables y de calidad, tanto en el sector de los <span style=\"text-decoration: underline;\"><a href=\"https:\/\/www.muchoneumatico.com\/comprar-neumaticos\/neumaticos-coche\">neum\u00e1ticos para coches turismos<\/a><\/span> como en los segmentos de neum\u00e1ticos para <span style=\"text-decoration: underline;\"><a href=\"https:\/\/www.muchoneumatico.com\/comprar-neumaticos\/neumaticos-suv-crossover\">SUV<\/a><\/span> y transporte ligero (<span style=\"text-decoration: underline;\"><a href=\"https:\/\/www.muchoneumatico.com\/comprar-neumaticos\/neumaticos-furgoneta\">furgonetas<\/a><\/span>).<\/p>\n<p><img decoding=\"async\" class=\"aligncenter size-full wp-image-16100 lazyload\" data-src=\"https:\/\/www.muchoneumatico.com\/blog\/wp-content\/uploads\/2023\/01\/Modelos-de-Neumaticos-Achilles.jpg\" alt=\"Modelos de Neum\u00e1ticos Achilles\" width=\"2000\" height=\"820\" src=\"data:image\/svg+xml;base64,PHN2ZyB3aWR0aD0iMSIgaGVpZ2h0PSIxIiB4bWxucz0iaHR0cDovL3d3dy53My5vcmcvMjAwMC9zdmciPjwvc3ZnPg==\" style=\"--smush-placeholder-width: 2000px; --smush-placeholder-aspect-ratio: 2000\/820;\" \/><\/p>\n<h3>Modelos de neum\u00e1ticos Achilles<\/h3>\n<p>Achilles present\u00f3 su producto m\u00e1s innovador en 2005, el primer neum\u00e1tico Ultra High Performance (UHP) producido por MASA, <strong>que logr\u00f3 un enorme \u00e9xito en el mercado<\/strong> gracias a un buen rendimiento combinado con un precio muy razonable (estamos hablando del <strong>Achilles ATR Sport<\/strong>).<\/p>\n<p>Esto fue posible gracias a la introducci\u00f3n de una nueva l\u00ednea de producci\u00f3n de \u00faltima generaci\u00f3n que permiti\u00f3 a los neum\u00e1ticos Achilles competir tambi\u00e9n en el sector de los neum\u00e1ticos de alto rendimiento con los principales fabricantes de gama alta. La nueva l\u00ednea de producci\u00f3n se adhiere fielmente a los m\u00e1s estrictos est\u00e1ndares de calidad a nivel mundial y <strong>ha sido certificada seg\u00fan ISO 9001-2000 y SNI 19-17025-2000.<\/strong><\/p>\n<p>Si est\u00e1 buscando neum\u00e1ticos de buena calidad y su presupuesto es limitado, no olvide considerar los neum\u00e1ticos <strong>Achilles<\/strong>, pueden resultar un excelente compromiso entre precio y rendimiento.<\/p>\n<p>En los \u00faltimos a\u00f1os Achilles\u00a0<strong>patrocina muchos eventos de carreras <a href=\"https:\/\/es.wikipedia.org\/wiki\/Drifting\" target=\"_blank\" rel=\"noopener nofollow\">drifting<\/a>.<\/strong><\/p>\n<p><img decoding=\"async\" class=\"aligncenter size-full wp-image-16101 lazyload\" data-src=\"https:\/\/www.muchoneumatico.com\/blog\/wp-content\/uploads\/2023\/01\/Neumaticos-Achilles-haciendo-drifting.jpg\" alt=\"Neum\u00e1ticos Achilles haciendo drifting\" width=\"2000\" height=\"1334\" src=\"data:image\/svg+xml;base64,PHN2ZyB3aWR0aD0iMSIgaGVpZ2h0PSIxIiB4bWxucz0iaHR0cDovL3d3dy53My5vcmcvMjAwMC9zdmciPjwvc3ZnPg==\" style=\"--smush-placeholder-width: 2000px; --smush-placeholder-aspect-ratio: 2000\/1334;\" \/><\/p>\n","protected":false},"excerpt":{"rendered":"<p>La empresa de neum\u00e1ticos\u00a0Achilles Radial es una marca indonesia MASA\u00a0fundada en 1988 en East Cikarang. Pocos saben que Indonesia es el mayor productor mundial de caucho, el componente principal de los neum\u00e1ticos. Neum\u00e1ticos Achilles: historia y modelos MASA ha colaborado a lo largo de los a\u00f1os con el fabricante premium italiano Pirelli (1991 ~ 1994) [&hellip;]<\/p>\n","protected":false},"author":6,"featured_media":16099,"parent":15852,"menu_order":0,"comment_status":"closed","ping_status":"closed","template":"","meta":{"footnotes":""},"class_list":["post-16097","page","type-page","status-publish","has-post-thumbnail","hentry"],"_links":{"self":[{"href":"https:\/\/www.muchoneumatico.com\/blog\/wp-json\/wp\/v2\/pages\/16097","targetHints":{"allow":["GET"]}}],"collection":[{"href":"https:\/\/www.muchoneumatico.com\/blog\/wp-json\/wp\/v2\/pages"}],"about":[{"href":"https:\/\/www.muchoneumatico.com\/blog\/wp-json\/wp\/v2\/types\/page"}],"author":[{"embeddable":true,"href":"https:\/\/www.muchoneumatico.com\/blog\/wp-json\/wp\/v2\/users\/6"}],"replies":[{"embeddable":true,"href":"https:\/\/www.muchoneumatico.com\/blog\/wp-json\/wp\/v2\/comments?post=16097"}],"version-history":[{"count":0,"href":"https:\/\/www.muchoneumatico.com\/blog\/wp-json\/wp\/v2\/pages\/16097\/revisions"}],"up":[{"embeddable":true,"href":"https:\/\/www.muchoneumatico.com\/blog\/wp-json\/wp\/v2\/pages\/15852"}],"wp:featuredmedia":[{"embeddable":true,"href":"https:\/\/www.muchoneumatico.com\/blog\/wp-json\/wp\/v2\/media\/16099"}],"wp:attachment":[{"href":"https:\/\/www.muchoneumatico.com\/blog\/wp-json\/wp\/v2\/media?parent=16097"}],"curies":[{"name":"wp","href":"https:\/\/api.w.org\/{rel}","templated":true}]}}